 - j**2 + 4*j - 3. Let z be c(5). Let y = z - -575. Calculate the remainder when 401 is divided by y.
66
Suppose -13 = m - j - 3*j, -5*j + 60 = 5*m. Suppose -5*a + 2*q = -33, 3*q = -3*a + 10 - 7. What is the remainder when m is divided by a?
2
Suppose 3*p + 2*p - 20 = 0. Suppose -p*q + 92 = -3*q. Suppose -q*m + 87*m + 70 = 0. What is the remainder when 38 is divided by m?
10
Suppose -c = -0*c + 2*m - 2948, 4 = m. Suppose -32*s - c = -60*s. Suppose -b - 54 = -3*b. Calculate the remainder when s is divided by b.
24
Let s = 38 - 39. Let v be s/4*-785 - 5/20. Suppose 4*d + 112 = v. Calculate the remainder when 167 is divided by d.
20
Suppose -5*o + 173 = -5*t - 362, 0 = 3*o - 5*t - 323. Suppose -2*g - 3*g = -110. Calculate the remainder when o is divided by g.
18
Let c = -22 + 27. Suppose 5*g - 30 = c*i + 20, 2*i = -g + 16. Let v = 0 + g. What is the remainder when v is divided by 7?
5
Let s(u) = -u**3 - 39*u**2 + 75*u + 22. Calculate the remainder when s(-43) is divided by 69.
53
Let r be (68/6)/(18/(-459)). Let z = r - -360. Calculate the remainder when z is divided by 19.
14
Suppose 5*b - 2*p + 974 - 2910 = 0, -2*b - 4*p = -760. Let t be b/10 - (-1 + (-6)/(-10)). Let i = t - 29. Calculate the remainder when i is divided by 7.
3
Suppose -2*s - 2*l + 244 = 0, 3*s = -37*l + 39*l + 376. What is the remainder when 532 is divided by s?
36
Let b(u) = u**2 - 13*u + 33. Let k = 19 - 19. Suppose k*x + 490 = 5*x. What is the remainder when x is divided by b(13)?
32
Suppose -3*i + 23 = 11, 2*w = -5*i - 46. What is the remainder when 219 is divided by ((-88)/12 + 4)*w/2?
54
Let n(q) = 130*q**2 - 2070*q + 7. What is the remainder when 2170 is divided by n(16)?
166
Calculate the remainder when 193 is divided by ((7360/(-6))/(-10))/(-1 + 30/18).
9
Let v(p) = -p - 13. Let m(t) = -6*t - 56. Let r be m(-6). What is the remainder when 39 is divided by v(r)?
4
Calculate the remainder when (37 - 36)/(1/65) is divided by 20.
5
What is the remainder when 656 is divided by 6/(-21)*(-13 + -36) + -5?
8
Let r be (1 - (2 + 0)) + 103. Let t be ((-2)/4)/((-17)/r). Calculate the remainder when 158 is divided by t/4 - 471/(-12).
38
Let i = 269 - 262. Suppose i*r + 130 = 2*f + 10*r, -5*f + 5*r = -300. What is the remainder when 242 is divided by f?
56
Let p(k) = k**2 - 52*k - 507. What is the remainder when 381 is divided by p(-9)?
3
Let r(h) = -276*h - 5191. What is the remainder when r(-67) is divided by 53?
51
Let a be -8 - (0 - 3) - -3. Let m be (1 + 12)*(a - -3). Let d(s) = s + 14. Calculate the remainder when d(m) is divided by 7.
6
Suppose 6*i = -5*u + 2*i + 85, u + 3*i - 28 = 0. Let x(f) = 5*f**2 - 60*f - 38. What is the remainder when x(u) is divided by 12?
3
Let j = -9224 - -9286. Calculate the remainder when 717 is divided by j.
35
Let c(j) = -46*j**3 - 2*j**2 - j. Let f be c(-1). Calculate the remainder when 377 is divided by (-60)/f - (-578)/6.
92
Let k = -25765 - -25898. What is the remainder when 585 is divided by k?
53
Let p(n) = -961*n + 3885. Calculate the remainder when (-2)/((-3)/726*4) is divided by p(4).
39
Let r(m) = 4*m**2 - 16*m + 93. Calculate the remainder when r(8) is divided by 101.
19
Suppose -2*x - 28 = -4*x. Let i(k) = -51*k**3 - 143*k**2 + 23*k - 13. What is the remainder when x is divided by i(-3)?
6
Suppose -24*k + 25*k - 10 = 0. Let s be 4/k - ((-1464)/40 - 4). Suppose -6*x = -s - 25. What is the remainder when 195 is divided by x?
8
Suppose 53*o = 5*t + 51*o - 115, -4*t + 74 = 2*o. Calculate the remainder when t is divided by 6.
3
Let z be (-1)/(-3)*-28*18/(-21). Let s(o) = o**3 - 9*o**2 + 12*o - 3. Calculate the remainder when s(z) is divided by 4.
1
Let z = 92 - 53. Let m = -837 + 441. Calculate the remainder when z is divided by (-2)/(-3)*m/(-24).
6
Calculate the remainder when 415 is divided by (3 + 77)*(15 - 59/4).
15
Suppose -2*t + 4*k = 0, 4*k + 5 - 3 = 3*t. Suppose 3*g - 227 = l + 40, t*l = g - 89. Let u = g - 88. What is the remainder when u is divided by 1?
0
Suppose 94*v - 73508 = -13348. Calculate the remainder when v is divided by 170.
130
Suppose 0 = 10*m + 1761 + 16939. What is the remainder when (-1*18/15)/(11/m) is divided by 21?
15
Let k(s) = -3*s**3 + 2*s**2 + 3*s - 2. Let x = -97 + 227. Suppose x + 3 = 7*t. Calculate the remainder when k(-3) is divided by t.
12
Let w(x) = -202*x + 1432. What is the remainder when w(4) is divided by 311?
2
Let l = 2824 + -2798. Calculate the remainder when 235 is divided by l.
1
Calculate the remainder when 528 is divided by 213/4 + 0 + 452/(-1808).
51
Let z be ((-28)/(-1))/(-7) + 107/1. Suppose z = -l + 113. What is the remainder when 17 is divided by l?
7
Let x be -10 + 16 - (-2 + 3). Suppose 4*h - 9*h - 5*i + 115 = 0, -4*h + x*i = -92. Calculate the remainder when 102 is divided by h.
10
Let f(m) = m**3 + 14*m**2 + 14*m - 2. Let q be f(-9). Let t = -245 + q. What is the remainder when 106 is divided by t?
10
Suppose 14*l = 19*l - 10. Suppose -631 = -h - 4*h - l*r, 3 = r. Calculate the remainder when h is divided by 42.
41
Let z(p) = p**3 + 11*p**2 + 17*p + 3. Let t be z(-9). Let i(b) = 2 + t + 1 + 2 + b. Calculate the remainder when 119 is divided by i(14).
26
Suppose 2*i - 576 = -5*x, 2*x + 3419*i - 264 = 3414*i. What is the remainder when 2784 is divided by x?
96
Let a(f) = -f**2 + 7*f - 3. Let t = 139 - 134. What is the remainder when 33 is divided by a(t)?
5
Let k be 418/(-1) + 12/(-2 + -4). Let c = 428 + k. What is the remainder when c is divided by 5?
3
Let w(c) = c**3 + 6*c**2 - 3*c - 13. Let v be w(-6). Suppose t + 18 = -l - 4*t, -v*l = 2*t - 25. Calculate the remainder when 30 is divided by l.
2
Suppose -4*v = -u - 4 - 3, -v - 17 = -4*u. Calculate the remainder when (-948)/(u + -9) - 2 is divided by 79.
77
Suppose 3 = 4*m - 25, 5*v - 1478 = -4*m. Calculate the remainder when v is divided by 7.
3
Let t be (24/(-78))/(2 - (-56)/(-26)). Suppose 0 = 2*l - 0*l + 5*m - 53, -5*l = -t*m - 118. What is the remainder when 191 is divided by l?
23
Let a = 62 + -70. Calculate the remainder when 5 is divided by (-1*a/(-2))/(-2).
1
Suppose 3 = 3*p - 0. Suppose -16*n - 51*n - 1936 + 2482 = -2335. What is the remainder when n is divided by (p/2)/(3/54)?
7
Let z = -661 - -1237. Let j = z + -512. What is the remainder when 445 is divided by j?
61
Suppose 3*l - 709 = -4*v, -4*v - l = 171 - 882. Let w = 6018 + -5958. Calculate the remainder when v is divided by w.
58
Suppose -3*j - l = -13, -11 = -2*j - l - 2*l. Suppose 3*y = -10*a + 5*a + 309, y - j*a = 103. Calculate the remainder when y is divided by 29.
16
Let f be 6/4*(-28)/(-21). Suppose 141 = f*g + g. Let c = -23 + g. What is the remainder when c is divided by 13?
11
Suppose -41*r + 16*r = 27*r - 942656. Calculate the remainder when r is divided by 98.
96
Let r(o) = 170*o**2 - o + 7. Let l be r(2). Suppose -12*q + 1451 = -l. What is the remainder when q is divided by 37?
30
Let m(n) = -231*n**3 + 12*n**2 + 15*n + 3. What is the remainder when m(-1) is divided by 71?
18
Let l = -8689 + 8869. What is the remainder when 1679 is divided by l?
59
Let z be ((-104)/12 - -8)*-651. Let d = z + -417. What is the remainder when 73 is divided by d?
5
What is the remainder when 631 is divided by ((-121290)/234)/(15/(-18))?
9
Suppose -4*q = q - 25, -q + 5 = 5*l. Suppose -2*m - 5*s = 0, -2*m + 5*s + 20 = -l*m. Suppose -22 = -m*h - 2. Calculate the remainder when 11 is divided by h.
3
Suppose 0 = 18*i - 32 - 58. Suppose -i*s - 83 = -448. Calculate the remainder when s is divided by 38.
35
Let i = -3 + 7. Suppose 5*b = -2*q + 43, 0 = 5*q - 8*b + i*b - 157. Calculate the remainder when 54 is divided by q.
25
Let s(a) = -2*a**3 - 2*a**2 + 203. What is the remainder when 529 is divided by s(0)?
123
Suppose -2*u = -46 - 248. Suppose -3*w - 5*g + 42 = -38, -4*g = -4. Calculate the remainder when u is divided by w.
22
Suppose -52760 = -21*x - 18362. Calculate the remainder when x is divided by 40.
38
Calculate the remainder when 63 is divided by -5*1 - (-3 + -31 + -13).
21
Let l(g) = -2*g**2 + 11*g - 2. Let a be l(-7). Let d = a + 200. Calculate the remainder when d is divided by 13.
10
Let v be -2 + 39/15 - 35/(-25). Suppose -2*u - v*m = 0, -3*u - 16 = 5*m - 6*m. Calculate the remainder when 53 is divided by 0 - (-8 + 3) - u.
8
What is the remainder when 311